 13303 = 2*k, 14*k - l + 19980 = 17*k. What is the thousands digit of k?
6
Suppose -300 = 4*i - 1432. Let y(j) = j**3 - 11*j**2 - 5*j + 42. Let l be y(5). Let f = l + i. What is the hundreds digit of f?
1
Let j be (2 + 123 - 3)/2. Let v = 109 - j. Let f = v + -23. What is the tens digit of f?
2
Let a = -36475 + 51762. What is the tens digit of a?
8
Let x be (-5)/25*9300/(-32) - 1/8. Let s(u) = -4*u + 4. Let a be s(5). Let f = a + x. What is the tens digit of f?
4
Suppose 4*z - 7*m - 65578 = -5*m, -65580 = -4*z + 4*m. What is the tens digit of z?
9
Suppose 91 - 61 = 3*x. Let y(w) = 9*w**2 - 285 + 151 + 145 + x*w - 3*w**2. What is the hundreds digit of y(-5)?
1
Suppose 0 = 3*z - i - 42834, 7*z - 2*i - 28564 = 5*z. What is the tens digit of z?
7
Let q(v) = -1211*v + 1300. What is the units digit of q(-20)?
0
Suppose -i = -3*r + 31 + 24, 4*i + 5*r = -220. Let y be 22/i - 44/(-10). Suppose 218 = y*v - 2*v. What is the hundreds digit of v?
1
Let i(o) = 2*o - 3*o + 2*o - 4*o - o**3 - 6*o**2 - 38. What is the tens digit of i(-8)?
1
What is the ten thousands digit of (8 - (-12)/(-18))/((-14)/(-29988))?
1
Suppose 4*f - 2*n + 7 - 49 = 0, -5*f - 3*n = -47. Suppose 11 + f = 7*z. Suppose -209 = -z*v + 2*q, 272 = 2*v + 2*v + 4*q. What is the units digit of v?
9
What is the units digit of (-138 + 142)*10258/8?
9
What is the ten thousands digit of ((-12)/(5 - 2) - -5)*34143 - -6?
3
Let k(d) = -1679*d + 1521. What is the hundreds digit of k(-13)?
3
What is the thousands digit of ((-2)/4)/((-85)/1065390)?
6
Let x = -85 - -88. Suppose -4*n - 406 = -x*s, s + 3*n - 148 = -2*n. What is the hundreds digit of s?
1
Suppose -4*v + 219982 = 2*r, -109988 = -2*v - 6*r + 4*r. What is the thousands digit of v?
4
Suppose -2*a + 820 = 4*f, -4*f - 1175 = -3*a + f. Suppose -4*p - 845 = -4*n + 815, -n = -4*p - a. What is the hundreds digit of n?
4
Suppose 9*v + 4*b - 49216 = 8*v, 2*v + 5*b - 98444 = 0. What is the hundreds digit of v?
2
Let r = 1538 - 1006. Suppose 4*t = -16 + r. What is the units digit of t?
9
Let p be 0/(2*(-4 - -3)). What is the hundreds digit of 12692/(-57)*(p + 6/(-4))?
3
Let j = -929 + 3470. What is the units digit of j?
1
Let m(g) = 38*g + 119. Let n be m(-11). What is the units digit of (-20657)/n + (-4)/46?
9
Let o be -10 - -7 - -1*4. Let n be (o/(-3))/((-3)/99). Let l(d) = d**3 - 12*d**2 + 14*d - 4. What is the tens digit of l(n)?
2
Let x(n) = 5*n**3 - 13*n**2 + 27*n + 185. What is the hundreds digit of x(13)?
3
Suppose 5*h + 9 = 8*h. Suppose -4*y = -h*c + 12, 0*y - 5*c + 20 = 2*y. Suppose -r + 4 + 95 = y. What is the units digit of r?
9
What is the thousands digit of (795 - 569)*(-1 + 300 - -2)?
8
Suppose j = -595*p + 594*p + 41459, -4*p - j = -165827. What is the hundreds digit of p?
4
Let w = -3443 - -4636. What is the hundreds digit of w?
1
What is the thousands digit of (19480 - (5 - -7)) + 3 + (-3)/1?
9
Suppose 0 = 6*d - 3*d - 1515. Let h be -5 + -3*(-3 - 0). Suppose 0 = j + h*j - d. What is the tens digit of j?
0
Suppose -80*y - 39*y = -1150849. What is the hundreds digit of y?
6
Suppose 3*v = -5*s - 25, -7 = -4*s + 4*v + 5. Let j be s/(-5) - (-12)/20. What is the units digit of j/(3 - (-236)/(-79))?
9
Let u = 178 - 181. What is the units digit of (-32)/40 + (u - (-3928)/10)?
9
Suppose -3*p + 5*t + 71 = 30, 55 = 5*p - 5*t. What is the units digit of p?
7
Let b = -88 - -21. Let y = b + 138. What is the tens digit of y?
7
Let y(b) = 100*b**2 + 37*b + 63. What is the units digit of y(13)?
4
Suppose 0 = 4*x - 3*p - 10684, 5*x - 161*p - 13358 = -158*p. What is the hundreds digit of x?
6
Let b = -362 - -367. Suppose v - 1083 = r, 5385 = b*v + 11*r - 6*r. What is the tens digit of v?
8
Let k(u) be the third derivative of u**5/4 + 5*u**4/12 - 5*u**3/6 + 2*u**2 + 15*u. What is the hundreds digit of k(-6)?
4
Let u(v) = v**3 - 32*v**2 - 34*v + 40. Let i be u(33). Suppose -i*l - 5*l = -4620. What is the units digit of l?
5
Let h = -86 - -90. What is the tens digit of ((-6)/h)/(54/(-29844))?
2
Let j be (-9)/(14 + 4)*-4. Suppose -3*r + 1207 = h, 3*h + h + j*r - 4808 = 0. What is the units digit of h?
1
Let s = -238 - -338. Suppose 4*r - 24 = 3*p + 141, -3*p + 8*r - 177 = 0. Let y = p + s. What is the units digit of y?
9
Let c = 8843 - 7339. What is the hundreds digit of c?
5
Suppose 0 = 3*b - 5*b. Suppose 4*l - 492 = -4*f, b*f - 2*f = -5*l - 239. Suppose -5*a - 85 = -t + 33, t - a = f. What is the units digit of t?
3
Let g = -530 + 992. Let c = g - 224. What is the tens digit of c?
3
Let s = 62 - -2. Let j = -10 + s. Let d = j - 48. What is the units digit of d?
6
Suppose -l - 335 = -4*c + 2*l, -3*c + 5*l = -254. Let x = c + -83. What is the tens digit of (-16 + x)*(555/12)/(-5)?
4
Let g = -13824 + 41029. What is the ten thousands digit of g?
2
Let h = 2058 + 11017. What is the units digit of h?
5
Suppose -2*t - 7 = -13. Suppose 0 = -2*l - 3*w - 0*w - 2, 4*l = t*w + 14. Let d(b) = 3*b**3 + b**2 + 3*b - 1. What is the tens digit of d(l)?
3
Suppose 2*m - 61071 = -0*m + 6407. What is the ten thousands digit of m?
3
Let b(l) = -5*l**2 + 12*l - 1. Let o be b(2). Suppose o*i + 84 = -12. What is the tens digit of ((-31)/4)/(4/i)?
6
Let n = 757 + 18689. What is the units digit of n?
6
Suppose 4*d + 14 - 46 = 0. What is the thousands digit of (-3 - (-1203 + -5))*d/5?
1
What is the thousands digit of 2/(11 - 14 - (1072884/(-107288) + 7))?
3
Let b(t) = 16*t**2 - t + 2. Let z be b(2). Suppose 9*p - z = -10. What is the units digit of ((-52)/p)/((-4)/6)?
3
Let f(q) = -201*q - 69. Let r be f(-7). Suppose -18*d - r = -24*d. What is the tens digit of d?
2
Let w = 5 - 2. Let g(h) = 31*h - 276. Let o be g(9). Suppose 4*x = -5*i + 628, 0*i - w*i = o*x - 378. What is the tens digit of i?
2
What is the tens digit of 200431/22 + 6/(-3) + (-45)/(-18)?
1
What is the thousands digit of (-2752)/(-12)*(29 - -73)?
3
Let t = 1676 - -947. What is the hundreds digit of t?
6
Suppose 117*o - 118*o = -6229. What is the tens digit of o?
2
What is the tens digit of (-8)/(-6)*322725/52?
7
Let c be (504/6)/(-4) - -2. Let y(b) = -6*b - 69. What is the units digit of y(c)?
5
Let g = -31407 + 53515. What is the units digit of g?
8
Let p = -547 + 551. Suppose -p*x = -50*x + 6118. What is the hundreds digit of x?
1
Suppose 29*w + 30*w = 321019. What is the tens digit of w?
4
Suppose 5*o - 24 = o. Let v be 101 - 10/15*9/o. What is the units digit of (3 - 18/(-8))*v/5?
5
Suppose -42 = -r + 170. Let n = r + -127. What is the units digit of (-8)/(-1 + -1) + n?
9
Let b(f) = f**3 - 11*f**2 + 8*f + 23. Let r be b(10). Suppose 2*i - 4*n - 976 = 0, 4*i + r*n = -n + 1952. What is the units digit of i?
8
Let k(f) = 735*f - 8831. What is the tens digit of k(48)?
4
Suppose 4*g - 341 = -3*p, 3 = -5*g + 2*g. Suppose -2*n = -j - 142 - p, 5*n = -3*j + 626. Let b = -55 + n. What is the units digit of b?
2
Let b = 187 + -302. Let x = b - -759. What is the tens digit of x?
4
Suppose 0 = 590*x - 736*x + 4839462. What is the thousands digit of x?
3
Suppose -5*f + 956*h - 951*h = -31755, 3*f - 19033 = -h. What is the tens digit of f?
4
Suppose 15*n + 330470 = 39*n - 179026. What is the units digit of n?
9
Let v be 4 + (-162)/39 - 560/(-91). Let u(b) = -48*b**2 - b + 1. Let l be u(1). What is the tens digit of 8/v + (-656)/l?
1
Suppose 12*k = 34 + 3890. Suppose 5*o - 1743 = k. What is the hundreds digit of o?
4
What is the tens digit of 510/425*(1/3 + (-10279)/(-3))?
1
What is the hundreds digit of 19592*427/366*6/4?
2
Let o be ((-4 - -308) + -2)/(-6 - -4). Let z = 111 - o. What is the hundreds digit of z?
2
Let f(n) = 3*n**2 + 10*n - 7*n - 9*n + 53. What is the units digit of f(15)?
8
Let u be (1 - -4)*4/(-10). Let w be (-2 + (-6)/u)*20. What is the tens digit of (-3)/12 + 1285/w?
6
Let s be 30295/45 - (-4)/(-18). Suppose -3*m - 269 = -5*l + 871, -s = -3*l + 4*m. Suppose -2*z - 10 = 0, k = -k + 5*z + l. What is the units digit of k?
3
Let k(a) = -6*a**2 + 13*a**2 + 4 - 15*a**2 + 34*a**2 + 39*a**2. What is the tens digit of k(2)?
6
Let o be 3/((1 + -4)/(2 + 2)). What is the units digit of (o/(-2))/(9/(-810)*-4)?
5
Let r = -236 - -272. Suppose -r*l + 64 = -28*l. What is the units digit of l?
8
Let i(s) = 19*s**2 + 2*s - 21. Let x be i(6). Suppose -22*z + 19*z + x = 0. What is the units digit of z?
5
Suppose -24*w + 2066 =